*2 - 7. Let t(r) = 5*g(r) - 6*n(r). Let f be 16/(-10) + (-2)/5. Give t(f).
-6
Let c(y) = 3*y + 11. Suppose 5 = -x - 0*x. What is c(x)?
-4
Let j(t) = -9*t**2 - 9*t + 4. Let n(k) = 17*k**2 + 16*k - 7. Let a(u) = -7*j(u) - 4*n(u). What is a(-1)?
-4
Let u(b) = b**2 + 3. Let r be u(0). Let y be (r/(-2))/(1/(-2)). Let h(n) = -4 + 4027*n**3 - 3*n + 3*n**2 - 4028*n**3 + 2*n. What is h(y)?
-7
Let i(g) = 8*g + 18 - 22 + 32 - 19. Let a(w) = w + 4 - 5 + 2. Let s(d) = 18*a(d) - 2*i(d). What is s(4)?
8
Let h(n) = n**3 - 8*n**2 + 6*n + 1. Let i = -433 + 440. What is h(i)?
-6
Let s be (-125)/(-30) - 2/12. Suppose 0 = 3*f - 3*c + s*c + 5, 4*c = -3*f - 2. Let d(a) = 105*a + 106*a - 210*a. Determine d(f).
-2
Let s(o) = 7 + 0*o + o - 4*o. Suppose -8*v - 77 = -v. Let u = -5 - v. Determine s(u).
-11
Let r(w) = 19*w**2 - 22*w + 9. Let n(l) = -7*l**2 + 8*l - 3. Let b(h) = -11*n(h) - 4*r(h). Calculate b(-2).
1
Let a be (((-64)/(-12))/(-4))/(3*(-10)/45). Let t(n) = 2*n**3 + 0*n**3 + n + 2*n - 4*n**2. Give t(a).
6
Let t(u) be the first derivative of -u**4/4 + 4*u**3/3 + 3*u**2 + 6*u - 196. What is t(5)?
11
Suppose -o + 0*o = 1. Let c(u) be the third derivative of -u**7/1680 - u**6/720 + u**5/15 + 6*u**2. Let d(g) be the third derivative of c(g). Give d(o).
2
Let x(l) = 3*l - 22. Let s be x(9). Suppose -2 = s*k - 17. Let r(c) = -2*c**k + c**3 + 4 + 15*c - 7*c**2 - 19*c. Calculate r(-6).
-8
Let h(d) = -2 + 1 - 2*d**3 - 2*d**3 - 6*d + 5*d**3 + 9*d**2 - 3*d**2. What is h(-7)?
-8
Let x(n) = -5*n**2 - 9*n + 17. Let b(m) = -6*m**2 - 8*m + 17. Let q(v) = -6*b(v) + 7*x(v). Give q(13).
-9
Let r(j) = j**3 - 2*j**2 + 3*j - 6. Let h be 1 + (10 - 8) + 1/1. What is r(h)?
38
Let v(m) be the second derivative of -m**5/20 - m**4/3 - m**3/2 + 2*m**2 - m. Suppose 17*r + 9 = -30 - 12. What is v(r)?
4
Let j(c) = 3*c - 21. Let k(q) = -2*q + 14. Let u(d) = -5*j(d) - 7*k(d). Let o be (-14)/6*(-33)/(-11) + 4 + 3. Give u(o).
7
Let g(p) = p**2 + 76. Let w be g(0). Let y = w + -48. Suppose 4*i + 10 + 6 = -4*j, 5*i + y = 3*j. Let c(h) = 3*h - 1. What is c(j)?
2
Let u(g) = 74*g**2 + 20*g + 16. Let z(k) = -39*k**2 - 11*k - 9. Let j(a) = 6*u(a) + 11*z(a). What is j(-2)?
59
Let f(b) = -b**3 + 9*b**2 - 4*b + 20. Let k(p) = -4*p**2 - 27*p + 16. Let h be k(-7). Determine f(h).
-16
Suppose -19 = -5*a - 64. Let k(i) = -3 + 11*i - 2 - 30*i + 18*i. Give k(a).
4
Suppose 415*z - 429*z - 28 = 0. Let s(q) = q**2 + q + 1. What is s(z)?
3
Let v = 9 - -10. Let o(k) = 0*k + 2 - v*k + 4*k. Determine o(2).
-28
Let l(u) = 6*u**2 + 219*u - 39. Let r(y) = -4*y**2 - 139*y + 26. Let m(w) = -5*l(w) - 8*r(w). Calculate m(-10).
17
Suppose 0 = -5*s + 71 + 4. Let a(g) = g**3 - 14*g**2 - 16*g + 18. Let y be a(s). Let p(r) = -r**2 + r + 3. Calculate p(y).
-3
Let l(s) = 15*s + 83. Let j be l(-6). Let x(v) = v**3 + 6*v**2 - 6*v + 5. Determine x(j).
-2
Let o(v) = -3*v + 18. Let w(g) = g - 11. Let b(s) = 2*o(s) + 5*w(s). Determine b(-17).
-2
Let g = -70 + 20. Let w be (-7*(-1)/5)/((-10)/g). Let h(m) be the third derivative of -m**5/60 + 7*m**4/24 + 5*m**3/6 - m**2. Calculate h(w).
5
Let v(x) = x**3 + 5*x**2 + 4*x - 3. Suppose -28*p + 27*p - 4 = 0. What is v(p)?
-3
Let p(f) = -1 + 3 - 4*f - 3 - f**2 - 4. Let s(u) = -2*u**2 + 30*u - 32. Let j be s(14). What is p(j)?
-5
Let j(b) = 7*b + 288. Let x be j(0). Let m be x/(-80) + 4/(-10). Let p(t) = -t**3 - 3*t**2 + 3*t - 1. Determine p(m).
3
Let c(l) = l - 6. Let m be c(9). Let f(t) = 3*t**2 - 4*t + t**2 - 2*t**3 + 2 + 1 + t**m. What is f(3)?
0
Let x(h) = -3*h - 87. Let g be x(-23). Let c(s) = -s**2 - 17*s + 22. Calculate c(g).
4
Let k(v) be the first derivative of v**2/2 + 12*v + 64. Give k(-8).
4
Let v(q) = 2*q**2 + 13*q + 6. Let w be v(-6). Suppose w = -14*o + 8*o + 24. Let g(d) = d**3 - 4*d**2 - 3*d + 1. What is g(o)?
-11
Let m(p) = -p**3 + 16*p**2 - 15*p. Let j = -1133 - -1148. Calculate m(j).
0
Let x(p) be the third derivative of p**4/12 - 5*p**3/3 + 76*p**2. Give x(7).
4
Let r(m) = -13 + 5*m - 12*m + 13*m. Determine r(3).
5
Let m(p) = 4*p + 60. Let s = -1357 + 1343. What is m(s)?
4
Suppose 0*h - u - 497 = 5*h, 4*h = 3*u - 409. Let v = -104 - h. Let z(j) = 2*j + 2. Calculate z(v).
-6
Suppose -4*m + 51 = 3. Suppose 4*g - 21 = -5*q, -2*g + 4*g + 4*q = m. Let y(d) be the third derivative of -d**6/120 + d**5/15 + d**3/6 + d**2. Calculate y(g).
1
Let t(n) = -22*n**2 - 9. Let j(h) = -35*h**2 - 13. Let o(m) = 5*j(m) - 8*t(m). What is o(6)?
43
Let l(r) be the third derivative of -1/24*r**4 + 0 - 12*r**2 + 0*r + 3/2*r**3. Determine l(6).
3
Let b(s) = -s**2 + 7*s + 5. Suppose 31*o - 21 = 28*o. Give b(o).
5
Let z(w) = -3*w - 18 - 16 + 41 - 15. Calculate z(-7).
13
Let t(j) = -j + 8. Let p(g) = g - 8. Let z = 4 - 7. Let m(a) = z*p(a) - 2*t(a). Let x be 3/(-7)*(-49)/3. Determine m(x).
1
Let b = 8 - 15. Let w(y) = 3*y**3 + 7*y**2 - 10. Let r(s) = s**3 + 2*s**2 - 3. Let p(v) = b*r(v) + 2*w(v). What is p(1)?
0
Let k(r) = -r**2 + 5*r + 4. Let b = -1174 - -1180. What is k(b)?
-2
Let j(m) = m**2 - 14*m + 2. Let t(a) = 32*a - 274. Let p be t(9). Calculate j(p).
2
Let r = 8 + -4. Suppose -2*n + 107 = -3*h, -n + 61 = -0*n - r*h. Suppose -1 = -8*m - n. Let l(p) = -p**3 - 6*p**2 - 2*p - 2. Give l(m).
10
Suppose -3*g + 12 = -3*v, 5*g - 4*v = -6*v - 15. Let j(b) = 4*b + 1. Determine j(g).
-3
Let n(q) = 21*q + 163. Let t be n(-8). Suppose b + 3*a - 6 = 10, 4*b = -4*a + 32. Let l(r) = -3*r - 6 + b + 0 - 5. Give l(t).
8
Let g(i) = 1. Let t(p) = p - 7. Let k(x) = g(x) - t(x). Let f be k(5). Let u(o) = -4*o**2 + 1 - o - o**f - 3*o**2 + 3*o**2. Give u(-4).
5
Let d(l) be the third derivative of -l**6/120 + l**5/10 - l**4/4 + 5*l**3/6 + 221*l**2 + l. Calculate d(5).
0
Let n(t) = t**3 + 22*t**2 + 21*t - 3. Let k = -531 + 510. Determine n(k).
-3
Let d(w) = 1223 + w - 610 - 609. Calculate d(-7).
-3
Let t(z) = 32 - 21 - 8*z + 7*z. Determine t(8).
3
Let h be 2/12 + (4 - (-520)/48). Let v(j) = j**2 - 13*j - 6. Determine v(h).
24
Let n(w) = w - 1 - 3 + 2 - 1. Calculate n(10).
7
Let x(u) = -2*u - 35. Let g = -781 + 761. Give x(g).
5
Let b(z) = 2*z + 13. Let p = 78 + -89. What is b(p)?
-9
Suppose -3*j - 593 = -4*o + 2*j, 4*j = 3*o - 445. Let g(z) = 3 - o*z + 2 + 152*z. Give g(-4).
-15
Let p(a) = a**2 + 4*a. Let b(o) = 5*o**2 + 4*o + 2. Let u be b(-2). Let r = -10 + u. Let t = r + -9. What is p(t)?
5
Let h(c) = 500*c**2 - c - 455*c**2 + 0*c. Determine h(1).
44
Let j(p) be the third derivative of -p**6/120 - p**5/60 - p**3/6 - p**2. Let s(a) = -a**2 - 24*a - 42. Let h be s(-22). What is j(h)?
-13
Let d(p) = -p - 5. Let v be d(-10). Suppose -3 = -v*z + 7. Let h(l) = 2 - 4*l + l**2 - 2*l**2 - l + z. Give h(-5).
4
Suppose 5*u + 183 = 193. Let t(o) be the third derivative of 0 + 0*o + 1/24*o**6 - 1/6*o**3 + 1/24*o**4 - 1/60*o**5 - 9*o**u. What is t(1)?
4
Let z(w) = 2*w + 2. Suppose -38*u + 41*u - 2*r = 11, 0 = 3*u + 2*r - 19. What is z(u)?
12
Let q(w) = w**3 - 7*w**2 - 6*w - 12. Suppose 0*u - 48 = -6*u. Let m be q(u). Let r(f) = -f**2 + 5*f - 3. Give r(m).
1
Let o(c) be the third derivative of c**7/2520 - c**6/360 + 11*c**5/60 + 8*c**2. Let a(n) be the third derivative of o(n). Give a(3).
4
Let j(v) = 7*v**2 + 12*v - 6. Let b(l) = 9*l**2 + 14*l - 6. Let p(m) = 3*b(m) - 4*j(m). Calculate p(-7).
-1
Let y(q) = -4*q - 17. Let k be -1 - (60/33 - 4/(-22)). Let a be y(k). Let r(v) = -v**3 - 5*v**2 + 2*v + 7. Give r(a).
-3
Suppose -14 = -4*q - 34, -3*n + 1 = q. Suppose 0 = 5*z - 2*z - 15. Let x(m) = -10*m - z*m**3 + m**n + 1 - m**3 + 9*m. Calculate x(1).
-5
Suppose -6*x - 5 = -17. Let u(m) = m**x + 0 + m**3 + 6 - 10*m**2 + 8*m. Give u(8).
6
Let s(t) = -7*t**2 - 7*t - 7. Let g(m) = -5*m**2 + 1 + 13*m**2 - 7*m**2 + m. Let r(c) = 6*g(c) + s(c). Give r(-1).
-1
Let c be ((-22)/(-33))/(1/(-3)*1). Let a be (c/1)/((-7)/(-14)). Let j(z) = -z**2 - 8*z - 2. Calculate j(a).
14
Let s(r) = -r**3 - 15*r**2 + 3. Let p be s(-15). Let h(v) = v**2 + 10*v + 8. Let a(g) = -g**2 - 11*g - 9. Let c(q) = p*h(q) + 2*a(q). Give c(-6).
-6
Let z(n) be the second derivative of n**3 + 43*n**2/2 - 395*n. Determine z(-6).
7
Let f(x) = 3*x**3 + 3*x**2 + 2. Let i(p) = 8*p**3 + 8*p**2 + 5. Let y be 4/(-14) + 60/14. Let m(g) = y*i(g) - 11*f(g). Let c = -182 + 184. What is m(c)?
-14
Let p(y) be the first derivative of -5*y**2/2 + 24*y + 191. Calculate p(5).
-1
Let k(n) = -5*n